{"id":12673,"date":"2022-09-02T19:26:22","date_gmt":"2022-09-02T19:26:22","guid":{"rendered":"https:\/\/www.sankt-peter-koeln.de\/wp\/?page_id=12673"},"modified":"2026-03-22T18:20:06","modified_gmt":"2026-03-22T18:20:06","slug":"gemeindeausflug2025","status":"publish","type":"page","link":"https:\/\/www.sankt-peter-koeln.de\/wp\/termine\/gemeindeausflug2025\/","title":{"rendered":"\ufeff\ufeffGemeindeausflug am 1. Mai 2026"},"content":{"rendered":"<p><strong>Wanderung der Gemeinde am 1. Mai 2026<\/strong><br \/>\nDer Gemeindeausflug am 1. Mai ist eine Wanderung, die entlang den Weinbergen der Ahr von Altenahr bis nach Dernau f\u00fchrt. Die landschaftlich sch\u00f6ne Region ist bekannt f\u00fcr ihren Weinanbau und ist von K\u00f6ln aus mit dem Zug sehr gut zu erreichen.<br \/>\n&nbsp;<br \/>\nDen Hauptteil der Wanderung werden wir am Vormittag und Mittag schaffen und zu einem sp\u00e4ten Mittagessen in das Weingut Kloster Marienthal einkehren.<br \/>\n&nbsp;<br \/>\nAnschlie\u00dfend gehen wir das letzte St\u00fcck bis zum Bahnhof Dernau und fahren zur\u00fcck nach K\u00f6ln.<br \/>\n&nbsp;<\/p>\n<p><strong>Tourinformationen<\/strong><br \/>\n<img loading=\"lazy\" src=\"https:\/\/www.sankt-peter-koeln.de\/wp\/wp-content\/uploads\/2026\/03\/Wanderung-1-Mai.jpg\" alt=\"\" width=\"530\" height=\"540\" class=\"alignnone size-full wp-image-14187\" srcset=\"https:\/\/www.sankt-peter-koeln.de\/wp\/wp-content\/uploads\/2026\/03\/Wanderung-1-Mai.jpg 530w, https:\/\/www.sankt-peter-koeln.de\/wp\/wp-content\/uploads\/2026\/03\/Wanderung-1-Mai-294x300.jpg 294w\" sizes=\"(max-width: 530px) 100vw, 530px\" \/><br \/>\n&nbsp;<\/p>\n<p>Die Strecke ist insgesamt ca. 13 km und wird als m\u00e4\u00dfig eingestuft.<br \/>\n&nbsp;<\/p>\n<p><strong>Abfahrt<\/strong> von K\u00f6ln Hbf Gleis 9 um 07:56, R\u00fcckkehr gegen 18 Uhr.<br \/>\n<strong>Fahrkarten<\/strong> k\u00f6nnen als Gruppe gekauft werden. Bitte Bedarf an Fahrkarten bei Anmeldung angeben.<br \/>\n<strong>Mittagsverpflegung<\/strong> Weingut Kloster Marienthal<\/p>\n<p><strong>Anmeldung bis 26. April 2026<\/strong> bei Gero Schlesinger<br \/>\nper E-Mail: <a href=\"mailto:gero.schlesinger@gmx.de\">gero.schlesinger@gmx.de<\/a> oder Telefon: 0175 4 11 68 82<br \/>\n&nbsp;<\/p>\n","protected":false},"excerpt":{"rendered":"<p>Wanderung der Gemeinde am 1. Mai 2026 Der Gemeindeausflug am 1. Mai ist eine Wanderung, die entlang den Weinbergen der Ahr von Altenahr bis nach Dernau f\u00fchrt. Die landschaftlich sch\u00f6ne Region ist bekannt f\u00fcr ihren Weinanbau und ist von K\u00f6ln aus mit dem Zug sehr gut zu erreichen. &nbsp; Den Hauptteil der Wanderung werden wir [&hellip;]<\/p>\n","protected":false},"author":4,"featured_media":14190,"parent":3593,"menu_order":32,"comment_status":"closed","ping_status":"closed","template":"","meta":[],"_links":{"self":[{"href":"https:\/\/www.sankt-peter-koeln.de\/wp\/wp-json\/wp\/v2\/pages\/12673"}],"collection":[{"href":"https:\/\/www.sankt-peter-koeln.de\/wp\/wp-json\/wp\/v2\/pages"}],"about":[{"href":"https:\/\/www.sankt-peter-koeln.de\/wp\/wp-json\/wp\/v2\/types\/page"}],"author":[{"embeddable":true,"href":"https:\/\/www.sankt-peter-koeln.de\/wp\/wp-json\/wp\/v2\/users\/4"}],"replies":[{"embeddable":true,"href":"https:\/\/www.sankt-peter-koeln.de\/wp\/wp-json\/wp\/v2\/comments?post=12673"}],"version-history":[{"count":25,"href":"https:\/\/www.sankt-peter-koeln.de\/wp\/wp-json\/wp\/v2\/pages\/12673\/revisions"}],"predecessor-version":[{"id":13631,"href":"https:\/\/www.sankt-peter-koeln.de\/wp\/wp-json\/wp\/v2\/pages\/12673\/revisions\/13631"}],"up":[{"embeddable":true,"href":"https:\/\/www.sankt-peter-koeln.de\/wp\/wp-json\/wp\/v2\/pages\/3593"}],"wp:featuredmedia":[{"embeddable":true,"href":"https:\/\/www.sankt-peter-koeln.de\/wp\/wp-json\/wp\/v2\/media\/14190"}],"wp:attachment":[{"href":"https:\/\/www.sankt-peter-koeln.de\/wp\/wp-json\/wp\/v2\/media?parent=12673"}],"curies":[{"name":"wp","href":"https:\/\/api.w.org\/{rel}","templated":true}]}}

<p><strong>Wanderung der Gemeinde am 1. Mai 2026</strong><br />
Der Gemeindeausflug am 1. Mai ist eine Wanderung, die entlang den Weinbergen der Ahr von Altenahr bis nach Dernau führt. Die landschaftlich schöne Region ist bekannt für ihren Weinanbau und ist von Köln aus mit dem Zug sehr gut zu erreichen.<br />
&nbsp;<br />
Den Hauptteil der Wanderung werden wir am Vormittag und Mittag schaffen und zu einem späten Mittagessen in das Weingut Kloster Marienthal einkehren.<br />
&nbsp;<br />
Anschließend gehen wir das letzte Stück bis zum Bahnhof Dernau und fahren zurück nach Köln.<br />
&nbsp;</p>
<p><strong>Tourinformationen</strong><br />
<img loading="lazy" src="https://www.sankt-peter-koeln.de/wp/wp-content/uploads/2026/03/Wanderung-1-Mai.jpg" alt="" width="530" height="540" class="alignnone size-full wp-image-14187" srcset="https://www.sankt-peter-koeln.de/wp/wp-content/uploads/2026/03/Wanderung-1-Mai.jpg 530w, https://www.sankt-peter-koeln.de/wp/wp-content/uploads/2026/03/Wanderung-1-Mai-294x300.jpg 294w" sizes="(max-width: 530px) 100vw, 530px" /><br />
&nbsp;</p>
<p>Die Strecke ist insgesamt ca. 13 km und wird als mäßig eingestuft.<br />
&nbsp;</p>
<p><strong>Abfahrt</strong> von Köln Hbf Gleis 9 um 07:56, Rückkehr gegen 18 Uhr.<br />
<strong>Fahrkarten</strong> können als Gruppe gekauft werden. Bitte Bedarf an Fahrkarten bei Anmeldung angeben.<br />
<strong>Mittagsverpflegung</strong> Weingut Kloster Marienthal</p>
<p><strong>Anmeldung bis 26. April 2026</strong> bei Gero Schlesinger<br />
per E-Mail: <a href="mailto:gero.schlesinger@gmx.de">gero.schlesinger@gmx.de</a> oder Telefon: 0175 4 11 68 82<br />
&nbsp;</p>

<p>Wanderung der Gemeinde am 1. Mai 2026 Der Gemeindeausflug am 1. Mai ist eine Wanderung, die entlang den Weinbergen der Ahr von Altenahr bis nach Dernau führt. Die landschaftlich schöne Region ist bekannt für ihren Weinanbau und ist von Köln aus mit dem Zug sehr gut zu erreichen. &nbsp; Den Hauptteil der Wanderung werden wir [&hellip;]</p>
