{"id":12855,"date":"2022-11-27T10:15:33","date_gmt":"2022-11-27T10:15:33","guid":{"rendered":"https:\/\/www.sankt-peter-koeln.de\/wp\/?page_id=12855"},"modified":"2023-02-25T16:56:51","modified_gmt":"2023-02-25T16:56:51","slug":"selma-gueltoprak-terminal-terminal","status":"publish","type":"page","link":"https:\/\/www.sankt-peter-koeln.de\/wp\/kunst-station\/kunst-archiv\/selma-gueltoprak-terminal-terminal\/","title":{"rendered":"Selma G\u00fcltoprak \u2014 Terminal, Terminal"},"content":{"rendered":"<p><strong>TERMINAL, TERMINAL<br \/>\nSelma G\u00fcltoprak<\/strong>4. Dezember 2022 bis 12. Februar 2023<br \/>\n&nbsp;<br \/>\nL\u00e4ngst hat das Reisen auf dem Luftweg an Glamour, aber auch an Unbeschwertheit verloren. Galten Flugreisen in der Concorde noch in den Neunzigern als Inbegriff von Luxus und Symbol einer internationalen Jet Set-Elite, so macht sich heute \u2013 zumindest in der Economy Class \u2013 Flugscham breit. Fliegen ist bekanntlich die klimasch\u00e4dlichste Art der Fortbewegung. Rund eine Milliarde Tonnen CO2 werden j\u00e4hrlich allein durch kommerzielle Flugzeuge ausgesto\u00dfen. Nicht alle diese Fl\u00fcge werden freiwillig angegangen, Deutschland schob 2021 mehr als 5000 Menschen per Flugzeug in \u201esichere Herkunftsl\u00e4nder\u201c ab. Und nicht alle Fl\u00fcge enden mit einer sicheren Landung.<br \/>\n&nbsp;<br \/>\nDie von Selma G\u00fcltoprak eigens f\u00fcr die Kunst-Station Sankt Peter entwickelte Installation <em>Terminal, Terminal<\/em> bleibt bewusst und sinnbildlich auf dem Boden. Im Mittelschiff der Kirche tr\u00e4gt sie tausende individuelle Flugtickets und Bordkarten zusammen. Die originalgetreu nachgebildeten Dokumente zeugen von Urlaubstrips im Billigflieger, Reisen in der First Class, interkontinentalen Langstrecken \u2013 und historischen Ereignissen, die Teil des kollektiven Ged\u00e4chtnisses wurden, wie die Terroranschl\u00e4gen vom 11. September 2001. Jedes dieser Tickets stellt ein pers\u00f6nliches Schicksal dar: etwa das der 298 Passagiere des Malaysia Airlines Flug MH17, der 2014 \u00fcber der Ostukraine von russischen Streitkr\u00e4ften abgeschossen wurde. Oder das der 21-j\u00e4hrigen Elin Ersson, die sich 2018 weigerte, ihren Platz auf dem Flug von Gothenburg in die T\u00fcrkei einzunehmen, um die Abschiebung von Asylsuchenden nach Afghanistan zu verhindern. Sie erz\u00e4hlen von Abst\u00fcrzen, Suiziden von Pilot*innen und anderen Katastrophen, aber auch von Rekord-Vielfliegern wie K. Ullas Kamath aus Indien und Fluggesellschaften wie Virgin Atlantic Airlines, deren Crew-Mitglieder die Uniform tragen d\u00fcrfen, die ihrer Geschlechtsidentit\u00e4t am besten entspricht.<br \/>\n&nbsp;<br \/>\n<img loading=\"lazy\" src=\"https:\/\/www.sankt-peter-koeln.de\/wp\/wp-content\/uploads\/2022\/11\/Ticket-Slidewhow-Selma.jpg\" alt=\"\" width=\"530\" height=\"220\" class=\"alignnone size-full wp-image-12862\" srcset=\"https:\/\/www.sankt-peter-koeln.de\/wp\/wp-content\/uploads\/2022\/11\/Ticket-Slidewhow-Selma.jpg 530w, https:\/\/www.sankt-peter-koeln.de\/wp\/wp-content\/uploads\/2022\/11\/Ticket-Slidewhow-Selma-300x125.jpg 300w\" sizes=\"(max-width: 530px) 100vw, 530px\" \/><br \/>\n&nbsp;<br \/>\nIn minuti\u00f6ser Recherchearbeit hat die K\u00f6lner K\u00fcnstlerin, die in ihren Interventionen im \u00f6ffentlichen Raum, Collagen und Installationen gesellschaftliche Fragestellungen kritisch und tiefgehend erforscht, diese Einzelschicksale und Bordkartendesigns zusammengetragen und pr\u00e4sentiert sie in Sankt Peter als gro\u00dfe Bodenarbeit in Form des popul\u00e4ren Batman-Symbols. Mit dem aus den DC Comics bekannten Notsignal trifft im Kirchenraum nicht nur das Profane unmittelbar auf das Sakrale, Fiktives auf Reales. Vielmehr verweist Selma G\u00fcltoprak auf Macht und Ohnmacht innerhalb unseres Systems, das von Kapital und Privilegien bestimmt ist. Seine \u00dcberlegenheit verdankt der \u00fcber Gotham City wachende Bruce Wayne keinesfalls \u00fcbermenschlichen Superkr\u00e4ften, sondern technischen Innovationen und der Finanzkraft seines Familienunternehmens Wayne Enterprises, das u. a. in der Waffen-, \u00d6l- und Pharmaindustrie Milliardengewinne macht. Wie auch bei real existierenden und als Weltraumtouristen bekannten Milliard\u00e4ren wie Elon Musk und dem Virgin-Gr\u00fcnder Richard Branson verwischen die Grenzen zwischen Personenkult, Philanthropie und Gr\u00f6\u00dfenwahn.<br \/>\n&nbsp;<br \/>\nDie Geschichte des iranischen Fl\u00fcchtlings Mehran Karimi Nasseri, der achtzehn Jahre bis zu seinem Tod im November 2022 ohne g\u00fcltige Papiere im Terminal 1 des Paris Flughafens Charles de Gaulle lebte, war f\u00fcr Selma G\u00fcltoprak Ausgangspunkt f\u00fcr eine weitere Arbeit aus Flugzeugdecken, wie sie auf Langstreckenfl\u00fcgen verteilt werden. W\u00e4hrend f\u00fcr die meisten von uns das Flughafenterminal den Ausgangspunkt einer Reise in Urlaubsdestinationen oder zu Businessmeetings darstellt, wurde es f\u00fcr den Gestrandeten \u201eSir, Alfred\u201c wie f\u00fcr viele andere zur Endstation.<br \/>\n&nbsp;<br \/>\n. . . . . . . . . . . . . . . . . . . . . . . . . . . . . . . . . . . . . . . . . . . . . . . . . . . . . . . . . . . . . . . . . .<br \/>\n&nbsp;<br \/>\n<strong>Selma G\u00fcltoprak<\/strong>Selma G\u00fcltopraks (*1983 in Gummersbach, lebt in K\u00f6ln) recherchebasierte Praxis widmet sich inklusiven Orten, gesellschaftlichen Ph\u00e4nomenen und historischen Narrativen und nimmt Form an in Objekten sowie raumspezifischen Installationen.<br \/>\n&nbsp;<br \/>\nSelma G\u00fcltopraks Arbeiten wurden in zahlreichen Einzel- und Gruppenausstellungen gezeigt, darunter bei MARTINETZ in K\u00f6ln (2021 und 2019), Kunstkommission D\u00fcsseldorf \u2013 Kunst im \u00f6ffentlichen Raum in D\u00fcsseldorf (2020\/21), Kunsthaus NRW Kornelim\u00fcnster in Aachen (2021), in der artothek in K\u00f6ln (2018) und sind in \u00f6ffentlichen Sammlungen in NRW vertreten. Seit dem Jahr 2014 hat sie unterschiedlichste Stipendien, Preise und ausgezeichnete und gef\u00f6rderte Auslandsaufenthalte im Rahmen ihrer Arbeit erhalten.<br \/>\n&nbsp;<br \/>\n. . . . . . . . . . . . . . . . . . . . . . . . . . . . . . . . . . . . . . . . . . . . . . . . . . . . . . . . . . . . . . . . . .<br \/>\n&nbsp;<br \/>\n<strong>Zur Er\u00f6ffnung der Ausstellung<br \/>\nTERMINAL, TERMINAL von Selma G\u00fcltoprak<br \/>\nam Sonntag, 4. Dezember 2022 um 15 Uhr<br \/>\nladen wir herzlich ein.<\/strong><br \/>\n&nbsp;<br \/>\nBegr\u00fc\u00dfung: Guido Schlimbach, K\u00fcnstlerischer Leiter Kunst-Station Sankt Peter Ko\u0308ln<br \/>\nEinf\u00fchrung: Anne Mager, Kuratorin der Ausstellung<br \/>\nMusik von Michael Veltman<br \/>\n&nbsp;<br \/>\n. . . . . . . . . . . . . . . . . . . . . . . . . . . . . . . . . . . . . . . . . . . . . . . . . . . . . . . . . . . . . . . . . .<br \/>\n&nbsp;<\/p>\n<p><strong>Weitere Termine:<\/strong>Sonntag 18. Dezember 2022, 13.15 Uhr<br \/>\nWerkgespra\u0308ch mit Kai Kullen<br \/>\n&nbsp;<br \/>\nSonntag, 8. Januar 2023, 13.15 Uhr<br \/>\nWerkgespra\u0308ch mit Guido Schlimbach<br \/>\n&nbsp;<br \/>\nSonntag, 22. Januar 2023, 13.15 Uhr<br \/>\nWerkgespra\u0308ch mit Stephan Kessler SJ<br \/>\n&nbsp;<br \/>\nSonntag, 5. Februar 2023, 13.15 Uhr<br \/>\nWerkgespra\u0308ch mit Friederike Schuler<br \/>\n&nbsp;<br \/>\nSonntag, 12. Februar 2023, 13.15 Uhr<br \/>\nFinissage und Werkgespr\u00e4ch mit Anne Mager<br \/>\n&nbsp;<br \/>\n. . . . . . . . . . . . . . . . . . . . . . . . . . . . . . . . . . . . . . . . . . . . . . . . . . . . . . . . . . . . . . . . . .<\/p>\n<p>&nbsp;<br \/>\n&nbsp;<br \/>\n<img loading=\"lazy\" src=\"https:\/\/www.sankt-peter-koeln.de\/wp\/wp-content\/uploads\/2022\/11\/Illu-Selma.jpg\" alt=\"\" width=\"530\" height=\"795\" class=\"alignnone size-full wp-image-12866\" srcset=\"https:\/\/www.sankt-peter-koeln.de\/wp\/wp-content\/uploads\/2022\/11\/Illu-Selma.jpg 530w, https:\/\/www.sankt-peter-koeln.de\/wp\/wp-content\/uploads\/2022\/11\/Illu-Selma-200x300.jpg 200w\" sizes=\"(max-width: 530px) 100vw, 530px\" \/><br \/>\n&nbsp;<br \/>\n. . . . . . . . . . . . . . . . . . . . . . . . . . . . . . . . . . . . . . . . . . . . . . . . . . . . . . . . . . . . . . . . . .<\/p>\n<p>&nbsp;<br \/>\n<strong>Gef\u00f6rdert von<\/strong><br \/>\n<img loading=\"lazy\" src=\"https:\/\/www.sankt-peter-koeln.de\/wp\/wp-content\/uploads\/2022\/11\/Logo-Kulturamt-und-Rubens.jpg\" alt=\"\" width=\"530\" height=\"46\" class=\"alignnone size-full wp-image-12868\" srcset=\"https:\/\/www.sankt-peter-koeln.de\/wp\/wp-content\/uploads\/2022\/11\/Logo-Kulturamt-und-Rubens.jpg 530w, https:\/\/www.sankt-peter-koeln.de\/wp\/wp-content\/uploads\/2022\/11\/Logo-Kulturamt-und-Rubens-300x26.jpg 300w\" sizes=\"(max-width: 530px) 100vw, 530px\" \/><\/p>\n","protected":false},"excerpt":{"rendered":"<p>TERMINAL, TERMINAL Selma G\u00fcltoprak4. Dezember 2022 bis 12. Februar 2023 &nbsp; L\u00e4ngst hat das Reisen auf dem Luftweg an Glamour, aber auch an Unbeschwertheit verloren. Galten Flugreisen in der Concorde noch in den Neunzigern als Inbegriff von Luxus und Symbol einer internationalen Jet Set-Elite, so macht sich heute \u2013 zumindest in der Economy Class \u2013 [&hellip;]<\/p>\n","protected":false},"author":6,"featured_media":12861,"parent":3854,"menu_order":47,"comment_status":"closed","ping_status":"closed","template":"","meta":[],"_links":{"self":[{"href":"https:\/\/www.sankt-peter-koeln.de\/wp\/wp-json\/wp\/v2\/pages\/12855"}],"collection":[{"href":"https:\/\/www.sankt-peter-koeln.de\/wp\/wp-json\/wp\/v2\/pages"}],"about":[{"href":"https:\/\/www.sankt-peter-koeln.de\/wp\/wp-json\/wp\/v2\/types\/page"}],"author":[{"embeddable":true,"href":"https:\/\/www.sankt-peter-koeln.de\/wp\/wp-json\/wp\/v2\/users\/6"}],"replies":[{"embeddable":true,"href":"https:\/\/www.sankt-peter-koeln.de\/wp\/wp-json\/wp\/v2\/comments?post=12855"}],"version-history":[{"count":8,"href":"https:\/\/www.sankt-peter-koeln.de\/wp\/wp-json\/wp\/v2\/pages\/12855\/revisions"}],"predecessor-version":[{"id":12873,"href":"https:\/\/www.sankt-peter-koeln.de\/wp\/wp-json\/wp\/v2\/pages\/12855\/revisions\/12873"}],"up":[{"embeddable":true,"href":"https:\/\/www.sankt-peter-koeln.de\/wp\/wp-json\/wp\/v2\/pages\/3854"}],"wp:featuredmedia":[{"embeddable":true,"href":"https:\/\/www.sankt-peter-koeln.de\/wp\/wp-json\/wp\/v2\/media\/12861"}],"wp:attachment":[{"href":"https:\/\/www.sankt-peter-koeln.de\/wp\/wp-json\/wp\/v2\/media?parent=12855"}],"curies":[{"name":"wp","href":"https:\/\/api.w.org\/{rel}","templated":true}]}}

Selma Gültoprak — Terminal, Terminal

<p><strong>TERMINAL, TERMINAL<br />
Selma Gültoprak</strong>4. Dezember 2022 bis 12. Februar 2023<br />
&nbsp;<br />
Längst hat das Reisen auf dem Luftweg an Glamour, aber auch an Unbeschwertheit verloren. Galten Flugreisen in der Concorde noch in den Neunzigern als Inbegriff von Luxus und Symbol einer internationalen Jet Set-Elite, so macht sich heute – zumindest in der Economy Class – Flugscham breit. Fliegen ist bekanntlich die klimaschädlichste Art der Fortbewegung. Rund eine Milliarde Tonnen CO2 werden jährlich allein durch kommerzielle Flugzeuge ausgestoßen. Nicht alle diese Flüge werden freiwillig angegangen, Deutschland schob 2021 mehr als 5000 Menschen per Flugzeug in „sichere Herkunftsländer“ ab. Und nicht alle Flüge enden mit einer sicheren Landung.<br />
&nbsp;<br />
Die von Selma Gültoprak eigens für die Kunst-Station Sankt Peter entwickelte Installation <em>Terminal, Terminal</em> bleibt bewusst und sinnbildlich auf dem Boden. Im Mittelschiff der Kirche trägt sie tausende individuelle Flugtickets und Bordkarten zusammen. Die originalgetreu nachgebildeten Dokumente zeugen von Urlaubstrips im Billigflieger, Reisen in der First Class, interkontinentalen Langstrecken – und historischen Ereignissen, die Teil des kollektiven Gedächtnisses wurden, wie die Terroranschlägen vom 11. September 2001. Jedes dieser Tickets stellt ein persönliches Schicksal dar: etwa das der 298 Passagiere des Malaysia Airlines Flug MH17, der 2014 über der Ostukraine von russischen Streitkräften abgeschossen wurde. Oder das der 21-jährigen Elin Ersson, die sich 2018 weigerte, ihren Platz auf dem Flug von Gothenburg in die Türkei einzunehmen, um die Abschiebung von Asylsuchenden nach Afghanistan zu verhindern. Sie erzählen von Abstürzen, Suiziden von Pilot*innen und anderen Katastrophen, aber auch von Rekord-Vielfliegern wie K. Ullas Kamath aus Indien und Fluggesellschaften wie Virgin Atlantic Airlines, deren Crew-Mitglieder die Uniform tragen dürfen, die ihrer Geschlechtsidentität am besten entspricht.<br />
&nbsp;<br />
<img loading="lazy" src="https://www.sankt-peter-koeln.de/wp/wp-content/uploads/2022/11/Ticket-Slidewhow-Selma.jpg" alt="" width="530" height="220" class="alignnone size-full wp-image-12862" srcset="https://www.sankt-peter-koeln.de/wp/wp-content/uploads/2022/11/Ticket-Slidewhow-Selma.jpg 530w, https://www.sankt-peter-koeln.de/wp/wp-content/uploads/2022/11/Ticket-Slidewhow-Selma-300x125.jpg 300w" sizes="(max-width: 530px) 100vw, 530px" /><br />
&nbsp;<br />
In minutiöser Recherchearbeit hat die Kölner Künstlerin, die in ihren Interventionen im öffentlichen Raum, Collagen und Installationen gesellschaftliche Fragestellungen kritisch und tiefgehend erforscht, diese Einzelschicksale und Bordkartendesigns zusammengetragen und präsentiert sie in Sankt Peter als große Bodenarbeit in Form des populären Batman-Symbols. Mit dem aus den DC Comics bekannten Notsignal trifft im Kirchenraum nicht nur das Profane unmittelbar auf das Sakrale, Fiktives auf Reales. Vielmehr verweist Selma Gültoprak auf Macht und Ohnmacht innerhalb unseres Systems, das von Kapital und Privilegien bestimmt ist. Seine Überlegenheit verdankt der über Gotham City wachende Bruce Wayne keinesfalls übermenschlichen Superkräften, sondern technischen Innovationen und der Finanzkraft seines Familienunternehmens Wayne Enterprises, das u. a. in der Waffen-, Öl- und Pharmaindustrie Milliardengewinne macht. Wie auch bei real existierenden und als Weltraumtouristen bekannten Milliardären wie Elon Musk und dem Virgin-Gründer Richard Branson verwischen die Grenzen zwischen Personenkult, Philanthropie und Größenwahn.<br />
&nbsp;<br />
Die Geschichte des iranischen Flüchtlings Mehran Karimi Nasseri, der achtzehn Jahre bis zu seinem Tod im November 2022 ohne gültige Papiere im Terminal 1 des Paris Flughafens Charles de Gaulle lebte, war für Selma Gültoprak Ausgangspunkt für eine weitere Arbeit aus Flugzeugdecken, wie sie auf Langstreckenflügen verteilt werden. Während für die meisten von uns das Flughafenterminal den Ausgangspunkt einer Reise in Urlaubsdestinationen oder zu Businessmeetings darstellt, wurde es für den Gestrandeten „Sir, Alfred“ wie für viele andere zur Endstation.<br />
&nbsp;<br />
. . . . . . . . . . . . . . . . . . . . . . . . . . . . . . . . . . . . . . . . . . . . . . . . . . . . . . . . . . . . . . . . . .<br />
&nbsp;<br />
<strong>Selma Gültoprak</strong>Selma Gültopraks (*1983 in Gummersbach, lebt in Köln) recherchebasierte Praxis widmet sich inklusiven Orten, gesellschaftlichen Phänomenen und historischen Narrativen und nimmt Form an in Objekten sowie raumspezifischen Installationen.<br />
&nbsp;<br />
Selma Gültopraks Arbeiten wurden in zahlreichen Einzel- und Gruppenausstellungen gezeigt, darunter bei MARTINETZ in Köln (2021 und 2019), Kunstkommission Düsseldorf – Kunst im öffentlichen Raum in Düsseldorf (2020/21), Kunsthaus NRW Kornelimünster in Aachen (2021), in der artothek in Köln (2018) und sind in öffentlichen Sammlungen in NRW vertreten. Seit dem Jahr 2014 hat sie unterschiedlichste Stipendien, Preise und ausgezeichnete und geförderte Auslandsaufenthalte im Rahmen ihrer Arbeit erhalten.<br />
&nbsp;<br />
. . . . . . . . . . . . . . . . . . . . . . . . . . . . . . . . . . . . . . . . . . . . . . . . . . . . . . . . . . . . . . . . . .<br />
&nbsp;<br />
<strong>Zur Eröffnung der Ausstellung<br />
TERMINAL, TERMINAL von Selma Gültoprak<br />
am Sonntag, 4. Dezember 2022 um 15 Uhr<br />
laden wir herzlich ein.</strong><br />
&nbsp;<br />
Begrüßung: Guido Schlimbach, Künstlerischer Leiter Kunst-Station Sankt Peter Köln<br />
Einführung: Anne Mager, Kuratorin der Ausstellung<br />
Musik von Michael Veltman<br />
&nbsp;<br />
. . . . . . . . . . . . . . . . . . . . . . . . . . . . . . . . . . . . . . . . . . . . . . . . . . . . . . . . . . . . . . . . . .<br />
&nbsp;</p>
<p><strong>Weitere Termine:</strong>Sonntag 18. Dezember 2022, 13.15 Uhr<br />
Werkgespräch mit Kai Kullen<br />
&nbsp;<br />
Sonntag, 8. Januar 2023, 13.15 Uhr<br />
Werkgespräch mit Guido Schlimbach<br />
&nbsp;<br />
Sonntag, 22. Januar 2023, 13.15 Uhr<br />
Werkgespräch mit Stephan Kessler SJ<br />
&nbsp;<br />
Sonntag, 5. Februar 2023, 13.15 Uhr<br />
Werkgespräch mit Friederike Schuler<br />
&nbsp;<br />
Sonntag, 12. Februar 2023, 13.15 Uhr<br />
Finissage und Werkgespräch mit Anne Mager<br />
&nbsp;<br />
. . . . . . . . . . . . . . . . . . . . . . . . . . . . . . . . . . . . . . . . . . . . . . . . . . . . . . . . . . . . . . . . . .</p>
<p>&nbsp;<br />
&nbsp;<br />
<img loading="lazy" src="https://www.sankt-peter-koeln.de/wp/wp-content/uploads/2022/11/Illu-Selma.jpg" alt="" width="530" height="795" class="alignnone size-full wp-image-12866" srcset="https://www.sankt-peter-koeln.de/wp/wp-content/uploads/2022/11/Illu-Selma.jpg 530w, https://www.sankt-peter-koeln.de/wp/wp-content/uploads/2022/11/Illu-Selma-200x300.jpg 200w" sizes="(max-width: 530px) 100vw, 530px" /><br />
&nbsp;<br />
. . . . . . . . . . . . . . . . . . . . . . . . . . . . . . . . . . . . . . . . . . . . . . . . . . . . . . . . . . . . . . . . . .</p>
<p>&nbsp;<br />
<strong>Gefördert von</strong><br />
<img loading="lazy" src="https://www.sankt-peter-koeln.de/wp/wp-content/uploads/2022/11/Logo-Kulturamt-und-Rubens.jpg" alt="" width="530" height="46" class="alignnone size-full wp-image-12868" srcset="https://www.sankt-peter-koeln.de/wp/wp-content/uploads/2022/11/Logo-Kulturamt-und-Rubens.jpg 530w, https://www.sankt-peter-koeln.de/wp/wp-content/uploads/2022/11/Logo-Kulturamt-und-Rubens-300x26.jpg 300w" sizes="(max-width: 530px) 100vw, 530px" /></p>

<p>TERMINAL, TERMINAL Selma Gültoprak4. Dezember 2022 bis 12. Februar 2023 &nbsp; Längst hat das Reisen auf dem Luftweg an Glamour, aber auch an Unbeschwertheit verloren. Galten Flugreisen in der Concorde noch in den Neunzigern als Inbegriff von Luxus und Symbol einer internationalen Jet Set-Elite, so macht sich heute – zumindest in der Economy Class – [&hellip;]</p>
