{"id":3739,"date":"2013-04-11T22:27:22","date_gmt":"2013-04-11T22:27:22","guid":{"rendered":"http:\/\/www.sankt-peter-koeln.de\/wp\/?page_id=3739"},"modified":"2014-02-28T18:07:14","modified_gmt":"2014-02-28T18:07:14","slug":"nachste-ausstellung-cerith-wyn-evans","status":"publish","type":"page","link":"https:\/\/www.sankt-peter-koeln.de\/wp\/kunst-station\/kunst-archiv\/nachste-ausstellung-cerith-wyn-evans\/","title":{"rendered":"Cerith Wyn Evans: \u201e&#8230;later on they are in a garden&#8230;\u201c"},"content":{"rendered":"<p><strong>Cerith Wyn Evans:<br \/>\n\u201e&#8230;later on they are in a garden&#8230;\u201c<\/strong><strong> <\/strong><\/p>\n<p>Ausstellung vom 4. Mai bis 14. Juli 2013<\/p>\n<p>\u00a0<\/p>\n<p>Scheinbar m\u00fchelos entwickelt Cerith Wyn Evans mittels Sprache Situationen, die dem Betrachter Zugang zu einer \u00fcberw\u00e4ltigenden Vielfalt poetischer Szenarien erm\u00f6glichen. Seine Neugier und sein Genuss an den Werken Anderer kennen dabei keine Grenzen. Ob Film, Literatur, Musik oder bildende Kunst \u2013 Wyn Evans begibt sich behutsam auf Spurensuche und schafft es auf wunderbare Weise den Betrachter mitzunehmen, wenn jener sich auf die Tuchf\u00fchlung einl\u00e4sst.<br \/>\nDer Titel der Ausstellung \u201e&#8230;later on they are in a garden&#8230;\u201c bezieht sich auf die gleichnamige Neoninstallation, die in der Kunst-Station gezeigt wird.<\/p>\n<p>\u00a0<br \/>\n<strong>Der K\u00fcnstler<\/strong><br \/>\nCerith Wyn Evans wurde 1958 in Wales geboren. Nach seinem Studium am Royal College of Art in London war er zun\u00e4chst Assistent des britischen Regisseurs Derek Jarman, bevor er in den 1990er Jahren als Konzeptk\u00fcnstler und Bildhauer hervortrat. 2003 vertrat er sein Heimatland im ersten nationalen Pavillon von <a style=\"color: rgb(85, 85, 85); text-decoration:none; font-weight: normal\" href=\"https:\/\/aucasinosonline.com\/\">casino game online<\/a> Wales auf der 50. Biennale von Venedig. Es folgten zahlreiche Ausstellungen, u.a. auf der Biennale von Istanbul, im Frankfurter Kunstverein, im Mus\u00e9e d\u00b4art de la Ville de Paris und zuletzt 2011 in der Kunsthalle Bergen.<\/p>\n<p>\u00a0<\/p>\n<p>. . . . . . . . . . . . . . . . . . . . . . . . . . . . . . . . . . . . .  . . . . . . . . . . . . . . . . . . . . . . . . . . . . .<\/p>\n<p>\u00a0<\/p>\n<p><strong>Katalog zur Ausstellung<\/strong><br \/>\nZur Finissage der Ausstellung erscheint ein Katalogheft zum Preis von 5 Euro,<br \/>\nmit Beitr\u00e4gen von Clemens Ottenhausen und Guido Schlimbach,<br \/>\nFotografien von Stephan Brendgen.<\/p>\n<p>\u00a0<\/p>\n<p>. . . . . . . . . . . . . . . . . . . . . . . . . . . . . . . . . . . . .  . . . . . . . . . . . . . . . . . . . . . . . . . . . . .<\/p>\n<p>\u00a0<\/p>\n<p><strong>Programm im Rahmen der Ausstellung<\/strong><br \/>\n5. Mai 2013<br \/>\n13 Uhr ___ Werkgespr\u00e4ch mit Clemens Ottenhausen<br \/>\n19 Uhr ___ Mai-Improvisationen. Orgelkonzert mit Dominik Susteck<\/p>\n<p>\u00a0<\/p>\n<p>12. Mai 2013<br \/>\n13 Uhr ___ Werkgespr\u00e4ch mit Clemens Ottenhausen<\/p>\n<p>\u00a0<\/p>\n<p>26. Mai 2013<br \/>\n19 Uhr ___ Werkgespr\u00e4ch mit Guido Schlimbach<\/p>\n<p>\u00a0<\/p>\n<p>7. Juni 2013<br \/>\n17 Uhr\u00a0 ___ Kunstimpuls im Rahmen des Eucharistischen Kongresses<br \/>\nmit Guido Schlimbach<\/p>\n<p>\u00a0<\/p>\n<p>23. Juni 2013<br \/>\n13 Uhr ___ Werkgespr\u00e4ch mit Renate Goldmann<\/p>\n<p>\u00a0<\/p>\n<p>14. Juli 2013<br \/>\n13 Uhr\u00a0 ___ Finissage und Katalogpr\u00e4sentation<\/p>\n<p>\u00a0<\/p>\n<p>. . . . . . . . . . . . . . . . . . . . . . . . . . . . . . . . . . . . .  . . . . . . . . . . . . . . . . . . . . . . . . . . . . .<\/p>\n<p>\u00a0<\/p>\n<p><strong>Zur Er\u00f6ffnung der Ausstellung<br \/>\nam Freitag, den 3. Mai 2013 um 19.30 Uhr<br \/>\nladen wir Sie und Ihre Freunde herzlich ein.<\/strong><br \/>\nDer K\u00fcnstler ist anwesend.<br \/>\nZur Er\u00f6ffnung der Ausstellung spricht\u2028 Clemens Ottenhausen.<br \/>\nOrgelimprovisation von Dominik Susteck.<\/p>\n<p>\u00a0<\/p>\n<p>. . . . . . . . . . . . . . . . . . . . . . . . . . . . . . . . . . . . .  . . . . . . . . . . . . . . . . . . . . . . . . . . . . .<\/p>\n<p>\u00a0<\/p>\n<p><a href=\"https:\/\/www.sankt-peter-koeln.de\/wp\/wp-content\/uploads\/klein_Cerith-Wyn-Evans_D8-Kopie.jpg\"><img loading=\"lazy\" class=\"alignnone size-full wp-image-4221\" title=\"klein_Cerith-Wyn-Evans_D8 Kopie\" src=\"https:\/\/www.sankt-peter-koeln.de\/wp\/wp-content\/uploads\/klein_Cerith-Wyn-Evans_D8-Kopie.jpg\" alt=\"\" width=\"518\" height=\"346\" srcset=\"https:\/\/www.sankt-peter-koeln.de\/wp\/wp-content\/uploads\/klein_Cerith-Wyn-Evans_D8-Kopie.jpg 1199w, https:\/\/www.sankt-peter-koeln.de\/wp\/wp-content\/uploads\/klein_Cerith-Wyn-Evans_D8-Kopie-300x200.jpg 300w, https:\/\/www.sankt-peter-koeln.de\/wp\/wp-content\/uploads\/klein_Cerith-Wyn-Evans_D8-Kopie-1024x683.jpg 1024w\" sizes=\"(max-width: 518px) 100vw, 518px\" \/><\/a><br \/>\n. . . . . . . . . . . . . . . . . . . . . . . . . . . . . . . . . . . . . . . . . . . . . . . . . . . . . . . . . . . . . . . . . .<\/p>\n<p>\u00a0<\/p>\n<p><strong>Mit freundlicher Unterst\u00fctzung<\/strong><br \/>\nvon White Cube,\u2028 Galerie Buchholz,<br \/>\nDirk Meyer \u2028Beleuchtungs- und Elektrotechnik, Neon-line<br \/>\nund der K\u00f6lner Rubens-Gesellschaft e.V.<\/p>\n","protected":false},"excerpt":{"rendered":"<p>Cerith Wyn Evans: \u201e&#8230;later on they are in a garden&#8230;\u201c Ausstellung vom 4. Mai bis 14. Juli 2013 \u00a0 Scheinbar m\u00fchelos entwickelt Cerith Wyn Evans mittels Sprache Situationen, die dem Betrachter Zugang zu einer \u00fcberw\u00e4ltigenden Vielfalt poetischer Szenarien erm\u00f6glichen. Seine Neugier und sein Genuss an den Werken Anderer kennen dabei keine Grenzen. Ob Film, Literatur, [&hellip;]<\/p>\n","protected":false},"author":7,"featured_media":3751,"parent":3854,"menu_order":100,"comment_status":"open","ping_status":"closed","template":"","meta":[],"_links":{"self":[{"href":"https:\/\/www.sankt-peter-koeln.de\/wp\/wp-json\/wp\/v2\/pages\/3739"}],"collection":[{"href":"https:\/\/www.sankt-peter-koeln.de\/wp\/wp-json\/wp\/v2\/pages"}],"about":[{"href":"https:\/\/www.sankt-peter-koeln.de\/wp\/wp-json\/wp\/v2\/types\/page"}],"author":[{"embeddable":true,"href":"https:\/\/www.sankt-peter-koeln.de\/wp\/wp-json\/wp\/v2\/users\/7"}],"replies":[{"embeddable":true,"href":"https:\/\/www.sankt-peter-koeln.de\/wp\/wp-json\/wp\/v2\/comments?post=3739"}],"version-history":[{"count":3,"href":"https:\/\/www.sankt-peter-koeln.de\/wp\/wp-json\/wp\/v2\/pages\/3739\/revisions"}],"predecessor-version":[{"id":4935,"href":"https:\/\/www.sankt-peter-koeln.de\/wp\/wp-json\/wp\/v2\/pages\/3739\/revisions\/4935"}],"up":[{"embeddable":true,"href":"https:\/\/www.sankt-peter-koeln.de\/wp\/wp-json\/wp\/v2\/pages\/3854"}],"wp:featuredmedia":[{"embeddable":true,"href":"https:\/\/www.sankt-peter-koeln.de\/wp\/wp-json\/wp\/v2\/media\/3751"}],"wp:attachment":[{"href":"https:\/\/www.sankt-peter-koeln.de\/wp\/wp-json\/wp\/v2\/media?parent=3739"}],"curies":[{"name":"wp","href":"https:\/\/api.w.org\/{rel}","templated":true}]}}

<p><strong>Cerith Wyn Evans:<br />
„&#8230;later on they are in a garden&#8230;“</strong><strong> </strong></p>
<p>Ausstellung vom 4. Mai bis 14. Juli 2013</p>
<p> </p>
<p>Scheinbar mühelos entwickelt Cerith Wyn Evans mittels Sprache Situationen, die dem Betrachter Zugang zu einer überwältigenden Vielfalt poetischer Szenarien ermöglichen. Seine Neugier und sein Genuss an den Werken Anderer kennen dabei keine Grenzen. Ob Film, Literatur, Musik oder bildende Kunst – Wyn Evans begibt sich behutsam auf Spurensuche und schafft es auf wunderbare Weise den Betrachter mitzunehmen, wenn jener sich auf die Tuchfühlung einlässt.<br />
Der Titel der Ausstellung „&#8230;later on they are in a garden&#8230;“ bezieht sich auf die gleichnamige Neoninstallation, die in der Kunst-Station gezeigt wird.</p>
<p> <br />
<strong>Der Künstler</strong><br />
Cerith Wyn Evans wurde 1958 in Wales geboren. Nach seinem Studium am Royal College of Art in London war er zunächst Assistent des britischen Regisseurs Derek Jarman, bevor er in den 1990er Jahren als Konzeptkünstler und Bildhauer hervortrat. 2003 vertrat er sein Heimatland im ersten nationalen Pavillon von <a style="color: rgb(85, 85, 85); text-decoration:none; font-weight: normal" href="https://aucasinosonline.com/">casino game online</a> Wales auf der 50. Biennale von Venedig. Es folgten zahlreiche Ausstellungen, u.a. auf der Biennale von Istanbul, im Frankfurter Kunstverein, im Musée d´art de la Ville de Paris und zuletzt 2011 in der Kunsthalle Bergen.</p>
<p> </p>
<p>. . . . . . . . . . . . . . . . . . . . . . . . . . . . . . . . . . . . .  . . . . . . . . . . . . . . . . . . . . . . . . . . . . .</p>
<p> </p>
<p><strong>Katalog zur Ausstellung</strong><br />
Zur Finissage der Ausstellung erscheint ein Katalogheft zum Preis von 5 Euro,<br />
mit Beiträgen von Clemens Ottenhausen und Guido Schlimbach,<br />
Fotografien von Stephan Brendgen.</p>
<p> </p>
<p>. . . . . . . . . . . . . . . . . . . . . . . . . . . . . . . . . . . . .  . . . . . . . . . . . . . . . . . . . . . . . . . . . . .</p>
<p> </p>
<p><strong>Programm im Rahmen der Ausstellung</strong><br />
5. Mai 2013<br />
13 Uhr ___ Werkgespräch mit Clemens Ottenhausen<br />
19 Uhr ___ Mai-Improvisationen. Orgelkonzert mit Dominik Susteck</p>
<p> </p>
<p>12. Mai 2013<br />
13 Uhr ___ Werkgespräch mit Clemens Ottenhausen</p>
<p> </p>
<p>26. Mai 2013<br />
19 Uhr ___ Werkgespräch mit Guido Schlimbach</p>
<p> </p>
<p>7. Juni 2013<br />
17 Uhr  ___ Kunstimpuls im Rahmen des Eucharistischen Kongresses<br />
mit Guido Schlimbach</p>
<p> </p>
<p>23. Juni 2013<br />
13 Uhr ___ Werkgespräch mit Renate Goldmann</p>
<p> </p>
<p>14. Juli 2013<br />
13 Uhr  ___ Finissage und Katalogpräsentation</p>
<p> </p>
<p>. . . . . . . . . . . . . . . . . . . . . . . . . . . . . . . . . . . . .  . . . . . . . . . . . . . . . . . . . . . . . . . . . . .</p>
<p> </p>
<p><strong>Zur Eröffnung der Ausstellung<br />
am Freitag, den 3. Mai 2013 um 19.30 Uhr<br />
laden wir Sie und Ihre Freunde herzlich ein.</strong><br />
Der Künstler ist anwesend.<br />
Zur Eröffnung der Ausstellung spricht  Clemens Ottenhausen.<br />
Orgelimprovisation von Dominik Susteck.</p>
<p> </p>
<p>. . . . . . . . . . . . . . . . . . . . . . . . . . . . . . . . . . . . .  . . . . . . . . . . . . . . . . . . . . . . . . . . . . .</p>
<p> </p>
<p><a href="https://www.sankt-peter-koeln.de/wp/wp-content/uploads/klein_Cerith-Wyn-Evans_D8-Kopie.jpg"><img loading="lazy" class="alignnone size-full wp-image-4221" title="klein_Cerith-Wyn-Evans_D8 Kopie" src="https://www.sankt-peter-koeln.de/wp/wp-content/uploads/klein_Cerith-Wyn-Evans_D8-Kopie.jpg" alt="" width="518" height="346" srcset="https://www.sankt-peter-koeln.de/wp/wp-content/uploads/klein_Cerith-Wyn-Evans_D8-Kopie.jpg 1199w, https://www.sankt-peter-koeln.de/wp/wp-content/uploads/klein_Cerith-Wyn-Evans_D8-Kopie-300x200.jpg 300w, https://www.sankt-peter-koeln.de/wp/wp-content/uploads/klein_Cerith-Wyn-Evans_D8-Kopie-1024x683.jpg 1024w" sizes="(max-width: 518px) 100vw, 518px" /></a><br />
. . . . . . . . . . . . . . . . . . . . . . . . . . . . . . . . . . . . . . . . . . . . . . . . . . . . . . . . . . . . . . . . . .</p>
<p> </p>
<p><strong>Mit freundlicher Unterstützung</strong><br />
von White Cube,  Galerie Buchholz,<br />
Dirk Meyer  Beleuchtungs- und Elektrotechnik, Neon-line<br />
und der Kölner Rubens-Gesellschaft e.V.</p>

<p>Cerith Wyn Evans: „&#8230;later on they are in a garden&#8230;“ Ausstellung vom 4. Mai bis 14. Juli 2013   Scheinbar mühelos entwickelt Cerith Wyn Evans mittels Sprache Situationen, die dem Betrachter Zugang zu einer überwältigenden Vielfalt poetischer Szenarien ermöglichen. Seine Neugier und sein Genuss an den Werken Anderer kennen dabei keine Grenzen. Ob Film, Literatur, [&hellip;]</p>
