{"id":6455,"date":"2015-01-24T15:58:59","date_gmt":"2015-01-24T15:58:59","guid":{"rendered":"http:\/\/www.sankt-peter-koeln.de\/wp\/?page_id=6455"},"modified":"2015-01-24T15:59:38","modified_gmt":"2015-01-24T15:59:38","slug":"forum-neuer-musik-des-dlf","status":"publish","type":"page","link":"https:\/\/www.sankt-peter-koeln.de\/wp\/musik\/musik-projekte\/musik-archiv\/forum-neuer-musik-des-dlf\/","title":{"rendered":"Forum neuer Musik des DLF"},"content":{"rendered":"<p><strong>Die wilden Jungen<\/strong><\/p>\n<p><strong><br \/>\n<\/strong><\/p>\n<p>&nbsp;<\/p>\n<p><a href=\"http:\/\/www.deutschlandfunk.de\/forum-neuer-musik-2014-die-wilden-jungen-3-6-april-2014.1749.de.html?dram:article_id=279452\" target=\"_blank\"><img loading=\"lazy\" title=\"Forum \" src=\"https:\/\/www.sankt-peter-koeln.de\/wp\/wp-content\/uploads\/Screenshot-2015-01-24-16.52.09.png\" alt=\"\" width=\"140\" height=\"140\" \/><\/a><\/p>\n<p>&nbsp;<\/p>\n<p>&nbsp;<\/p>\n<p><strong>Orgelwerke von Mauricio Kagel, So, 6.4.<\/strong><\/p>\n<p><strong><br \/>\n<\/strong><\/p>\n<p>Improvisation ajout\u00e9e<br \/>\nRrrrrrr &#8211; 8 Orgelst\u00fccke<br \/>\nPhantasie mit Obbligati<\/p>\n<p>&nbsp;<\/p>\n<p>Tobias Hagedorn, Boris Heinrich, Assistenten<br \/>\nDominik Susteck, Orgel<\/p>\n<p>&nbsp;<\/p>\n<p>In zehn exklusiven Konzerten und Veranstaltungen thematisieren und befragen haupts\u00e4chlich junge Akteure Zusammenh\u00e4nge von Krieg, Fortschritt und Kunst \u2013 damals und jetzt. Wie in den letzten Jahren, so versteht sich auch das Forum 2014 als Angebot zur Erweiterung von Denkhorizonten, in diesem Fall in Bezug auf Moderne und Krieg.<\/p>\n<p>&nbsp;<\/p>\n<p>Bei seinem Erscheinen Anfang der 1960er Jahre l\u00f6ste Mauricio Kagels Orgelwerk \u201eImprovisation ajout\u00e9e\u201c einen Skandal aus. Offensichtlicher Grund waren die Ger\u00e4usche, die der Organist und seine zwei Assistenten produzierten: Sprechen, Husten, Lachen, Pfeifen, Klatschen,\u00a0auch laute Schreie. In der &#8222;Phantasie mit Obbligati&#8220; kommt klingenderweise die Alltagswelt mit ins Spiel, d.h. in den Sakralraum. Betrachtet man die Partituren, so ist dies mehr als nur ein \u00e4sthetischer Scherz, sondern viel mehr: die R\u00fcckkehr des Kreat\u00fcrlichen, realer K\u00f6rperlichkeit in eine Idealwelt der Reinheit, in\u00a0welcher Kunstaus\u00fcbung und ideologische Weisung bisher ausschlie\u00dflich M\u00e4nnern zustanden.\u00a0Mit beiden St\u00fccken nimmt Mauricio Kagel k\u00fcnstlerisch manches vorweg, was sich im Zuge der 1968er Jahre realisierte.<\/p>\n<p>&nbsp;<\/p>\n<p>Programm: Frank K\u00e4mpfer<\/p>\n<p>&nbsp;<\/p>\n<p>Eine Veranstaltung des DLF, gef\u00f6rdert von der Kunst-Stiftung NRW.<\/p>\n<p>&nbsp;<\/p>\n<p>&nbsp;<\/p>\n<p>&nbsp;<\/p>\n<p><strong><br \/>\n<\/strong><\/p>\n","protected":false},"excerpt":{"rendered":"<p>Die wilden Jungen &nbsp; &nbsp; &nbsp; Orgelwerke von Mauricio Kagel, So, 6.4. Improvisation ajout\u00e9e Rrrrrrr &#8211; 8 Orgelst\u00fccke Phantasie mit Obbligati &nbsp; Tobias Hagedorn, Boris Heinrich, Assistenten Dominik Susteck, Orgel &nbsp; In zehn exklusiven Konzerten und Veranstaltungen thematisieren und befragen haupts\u00e4chlich junge Akteure Zusammenh\u00e4nge von Krieg, Fortschritt und Kunst \u2013 damals und jetzt. Wie in [&hellip;]<\/p>\n","protected":false},"author":7,"featured_media":6456,"parent":6226,"menu_order":130,"comment_status":"open","ping_status":"closed","template":"","meta":[],"_links":{"self":[{"href":"https:\/\/www.sankt-peter-koeln.de\/wp\/wp-json\/wp\/v2\/pages\/6455"}],"collection":[{"href":"https:\/\/www.sankt-peter-koeln.de\/wp\/wp-json\/wp\/v2\/pages"}],"about":[{"href":"https:\/\/www.sankt-peter-koeln.de\/wp\/wp-json\/wp\/v2\/types\/page"}],"author":[{"embeddable":true,"href":"https:\/\/www.sankt-peter-koeln.de\/wp\/wp-json\/wp\/v2\/users\/7"}],"replies":[{"embeddable":true,"href":"https:\/\/www.sankt-peter-koeln.de\/wp\/wp-json\/wp\/v2\/comments?post=6455"}],"version-history":[{"count":3,"href":"https:\/\/www.sankt-peter-koeln.de\/wp\/wp-json\/wp\/v2\/pages\/6455\/revisions"}],"predecessor-version":[{"id":6459,"href":"https:\/\/www.sankt-peter-koeln.de\/wp\/wp-json\/wp\/v2\/pages\/6455\/revisions\/6459"}],"up":[{"embeddable":true,"href":"https:\/\/www.sankt-peter-koeln.de\/wp\/wp-json\/wp\/v2\/pages\/6226"}],"wp:featuredmedia":[{"embeddable":true,"href":"https:\/\/www.sankt-peter-koeln.de\/wp\/wp-json\/wp\/v2\/media\/6456"}],"wp:attachment":[{"href":"https:\/\/www.sankt-peter-koeln.de\/wp\/wp-json\/wp\/v2\/media?parent=6455"}],"curies":[{"name":"wp","href":"https:\/\/api.w.org\/{rel}","templated":true}]}}

<p><strong>Die wilden Jungen</strong></p>
<p><strong><br />
</strong></p>
<p>&nbsp;</p>
<p><a href="http://www.deutschlandfunk.de/forum-neuer-musik-2014-die-wilden-jungen-3-6-april-2014.1749.de.html?dram:article_id=279452" target="_blank"><img loading="lazy" title="Forum " src="https://www.sankt-peter-koeln.de/wp/wp-content/uploads/Screenshot-2015-01-24-16.52.09.png" alt="" width="140" height="140" /></a></p>
<p>&nbsp;</p>
<p>&nbsp;</p>
<p><strong>Orgelwerke von Mauricio Kagel, So, 6.4.</strong></p>
<p><strong><br />
</strong></p>
<p>Improvisation ajoutée<br />
Rrrrrrr &#8211; 8 Orgelstücke<br />
Phantasie mit Obbligati</p>
<p>&nbsp;</p>
<p>Tobias Hagedorn, Boris Heinrich, Assistenten<br />
Dominik Susteck, Orgel</p>
<p>&nbsp;</p>
<p>In zehn exklusiven Konzerten und Veranstaltungen thematisieren und befragen hauptsächlich junge Akteure Zusammenhänge von Krieg, Fortschritt und Kunst – damals und jetzt. Wie in den letzten Jahren, so versteht sich auch das Forum 2014 als Angebot zur Erweiterung von Denkhorizonten, in diesem Fall in Bezug auf Moderne und Krieg.</p>
<p>&nbsp;</p>
<p>Bei seinem Erscheinen Anfang der 1960er Jahre löste Mauricio Kagels Orgelwerk „Improvisation ajoutée“ einen Skandal aus. Offensichtlicher Grund waren die Geräusche, die der Organist und seine zwei Assistenten produzierten: Sprechen, Husten, Lachen, Pfeifen, Klatschen, auch laute Schreie. In der &#8222;Phantasie mit Obbligati&#8220; kommt klingenderweise die Alltagswelt mit ins Spiel, d.h. in den Sakralraum. Betrachtet man die Partituren, so ist dies mehr als nur ein ästhetischer Scherz, sondern viel mehr: die Rückkehr des Kreatürlichen, realer Körperlichkeit in eine Idealwelt der Reinheit, in welcher Kunstausübung und ideologische Weisung bisher ausschließlich Männern zustanden. Mit beiden Stücken nimmt Mauricio Kagel künstlerisch manches vorweg, was sich im Zuge der 1968er Jahre realisierte.</p>
<p>&nbsp;</p>
<p>Programm: Frank Kämpfer</p>
<p>&nbsp;</p>
<p>Eine Veranstaltung des DLF, gefördert von der Kunst-Stiftung NRW.</p>
<p>&nbsp;</p>
<p>&nbsp;</p>
<p>&nbsp;</p>
<p><strong><br />
</strong></p>

<p>Die wilden Jungen &nbsp; &nbsp; &nbsp; Orgelwerke von Mauricio Kagel, So, 6.4. Improvisation ajoutée Rrrrrrr &#8211; 8 Orgelstücke Phantasie mit Obbligati &nbsp; Tobias Hagedorn, Boris Heinrich, Assistenten Dominik Susteck, Orgel &nbsp; In zehn exklusiven Konzerten und Veranstaltungen thematisieren und befragen hauptsächlich junge Akteure Zusammenhänge von Krieg, Fortschritt und Kunst – damals und jetzt. Wie in [&hellip;]</p>
