{"id":692,"date":"2011-08-11T16:42:18","date_gmt":"2011-08-11T16:42:18","guid":{"rendered":"http:\/\/www.sankt-peter-koeln.de\/wp\/?page_id=692"},"modified":"2024-06-16T09:28:05","modified_gmt":"2024-06-16T09:28:05","slug":"ubersicht","status":"publish","type":"page","link":"https:\/\/www.sankt-peter-koeln.de\/wp\/kunst-station\/ubersicht\/","title":{"rendered":"Kunst-Station Sankt Peter K\u00f6ln"},"content":{"rendered":"<p>&nbsp;<\/p>\n<p>Sankt Peter ist die Kunst-Station, ein weltweit einzigartiger Ort des Dialogs von Glaube und Liturgie mit zeitgen\u00f6ssischer Kunst und neuer Musik. Der sp\u00e4tgotische Kirchenraum, der im Lauf der Jahrhunderte immer wieder neue Gestalt gefunden hat, ist heute weitgehend befreit von Bildwerk und Gest\u00fchl \u2013 ein leerer Raum der Spiritualit\u00e4t. Zeitgen\u00f6ssische K\u00fcnstlerinnen und K\u00fcnstler gestalten diese Leere aus ihrer Ideenkraft heraus immer wieder neu. Ihre Arbeiten, die sie der Gemeinde f\u00fcr eine gewisse Zeit anvertrauen, konfrontieren mit existenziellen Fragen und inspirieren das Leben der Gl\u00e4ubigen im Gottesdienst.<\/p>\n<p>&nbsp;<\/p>\n","protected":false},"excerpt":{"rendered":"<p>&nbsp; Sankt Peter ist die Kunst-Station, ein weltweit einzigartiger Ort des Dialogs von Glaube und Liturgie mit zeitgen\u00f6ssischer Kunst und neuer Musik. Der sp\u00e4tgotische Kirchenraum, der im Lauf der Jahrhunderte immer wieder neue Gestalt gefunden hat, ist heute weitgehend befreit von Bildwerk und Gest\u00fchl \u2013 ein leerer Raum der Spiritualit\u00e4t. Zeitgen\u00f6ssische K\u00fcnstlerinnen und K\u00fcnstler gestalten [&hellip;]<\/p>\n","protected":false},"author":7,"featured_media":13558,"parent":575,"menu_order":3,"comment_status":"open","ping_status":"closed","template":"uebersicht.php","meta":[],"_links":{"self":[{"href":"https:\/\/www.sankt-peter-koeln.de\/wp\/wp-json\/wp\/v2\/pages\/692"}],"collection":[{"href":"https:\/\/www.sankt-peter-koeln.de\/wp\/wp-json\/wp\/v2\/pages"}],"about":[{"href":"https:\/\/www.sankt-peter-koeln.de\/wp\/wp-json\/wp\/v2\/types\/page"}],"author":[{"embeddable":true,"href":"https:\/\/www.sankt-peter-koeln.de\/wp\/wp-json\/wp\/v2\/users\/7"}],"replies":[{"embeddable":true,"href":"https:\/\/www.sankt-peter-koeln.de\/wp\/wp-json\/wp\/v2\/comments?post=692"}],"version-history":[{"count":4,"href":"https:\/\/www.sankt-peter-koeln.de\/wp\/wp-json\/wp\/v2\/pages\/692\/revisions"}],"predecessor-version":[{"id":13559,"href":"https:\/\/www.sankt-peter-koeln.de\/wp\/wp-json\/wp\/v2\/pages\/692\/revisions\/13559"}],"up":[{"embeddable":true,"href":"https:\/\/www.sankt-peter-koeln.de\/wp\/wp-json\/wp\/v2\/pages\/575"}],"wp:featuredmedia":[{"embeddable":true,"href":"https:\/\/www.sankt-peter-koeln.de\/wp\/wp-json\/wp\/v2\/media\/13558"}],"wp:attachment":[{"href":"https:\/\/www.sankt-peter-koeln.de\/wp\/wp-json\/wp\/v2\/media?parent=692"}],"curies":[{"name":"wp","href":"https:\/\/api.w.org\/{rel}","templated":true}]}}

Kunst-Station Sankt Peter Köln

<p>&nbsp;</p>
<p>Sankt Peter ist die Kunst-Station, ein weltweit einzigartiger Ort des Dialogs von Glaube und Liturgie mit zeitgenössischer Kunst und neuer Musik. Der spätgotische Kirchenraum, der im Lauf der Jahrhunderte immer wieder neue Gestalt gefunden hat, ist heute weitgehend befreit von Bildwerk und Gestühl – ein leerer Raum der Spiritualität. Zeitgenössische Künstlerinnen und Künstler gestalten diese Leere aus ihrer Ideenkraft heraus immer wieder neu. Ihre Arbeiten, die sie der Gemeinde für eine gewisse Zeit anvertrauen, konfrontieren mit existenziellen Fragen und inspirieren das Leben der Gläubigen im Gottesdienst.</p>
<p>&nbsp;</p>

<p>&nbsp; Sankt Peter ist die Kunst-Station, ein weltweit einzigartiger Ort des Dialogs von Glaube und Liturgie mit zeitgenössischer Kunst und neuer Musik. Der spätgotische Kirchenraum, der im Lauf der Jahrhunderte immer wieder neue Gestalt gefunden hat, ist heute weitgehend befreit von Bildwerk und Gestühl – ein leerer Raum der Spiritualität. Zeitgenössische Künstlerinnen und Künstler gestalten [&hellip;]</p>
