{"id":7872,"date":"2016-05-08T08:48:15","date_gmt":"2016-05-08T08:48:15","guid":{"rendered":"http:\/\/www.sankt-peter-koeln.de\/wp\/?page_id=7872"},"modified":"2017-04-04T06:13:04","modified_gmt":"2017-04-04T06:13:04","slug":"new-talents-biennale-cologne-2016","status":"publish","type":"page","link":"https:\/\/www.sankt-peter-koeln.de\/wp\/kunst-station\/kunst-archiv\/new-talents-biennale-cologne-2016\/","title":{"rendered":"new talents \u2013 biennale cologne 2016"},"content":{"rendered":"<p><strong>new talents \u2013 biennale cologne 2016<\/strong> 21. Mai bis 5. Juni 2016<\/p>\n<p>&nbsp;<\/p>\n<p>Im Mai\/Juni 2016 ist die Kunst-Station Sankt Peter K\u00f6ln bereits zum vierten Mal Gastgeber der \u00bbnew talents \u2013 biennale cologne\u00ab. Vertreten sind vier junge K\u00fcnstlerinnen und K\u00fcnstler, die sich mit ihren Arbeiten im Kirchenraum, auf der Empore sowie im Kirchhof und im C\u00e4cilienhof vorstellen. Dar\u00fcber hinaus werden hier auch f\u00fcnf der zehn erteilten Kompositionsauftr\u00e4ge uraufgef\u00fchrt.<br \/>\n<a title=\"www.2016.newtalents-cologne.de\" href=\"http:\/\/www.2016.newtalents-cologne.de\/\" target=\"_blank\">www.2016.newtalents-cologne.de<\/a><\/p>\n<p>&nbsp;<br \/>\n. . . . . . . . . . . . . . . . . . . . . . . . . . . . . . . . . . . . . . . . . . . . . . . . . . . . . . . . . . . . . . . . . .<\/p>\n<p>&nbsp;<\/p>\n<p><strong>Kompositionsauftr\u00e4ge \/\/ Urauff\u00fchrungen II<\/strong> Sonntag, 22.5.2016 \/\/ 15 Uhr<br \/>\n<strong>Mit Kompositionen von<\/strong> Elena Rykova, Georgia Koumara, Thierry Tidrow, Barblina Maierhans, Julio Z\u00faniga<\/p>\n<p><strong>Auff\u00fchrendes Ensemble <\/strong>hand werk<br \/>\n<a title=\"www.2016.newtalents-cologne.de\/talente\/komposition\/\" href=\"http:\/\/www.2016.newtalents-cologne.de\/talente\/komposition\/\" target=\"_blank\">[mehr dazu]<\/a><\/p>\n<p>&nbsp;<br \/>\n. . . . . . . . . . . . . . . . . . . . . . . . . . . . . . . . . . . . . . . . . . . . . . . . . . . . . . . . . . . . . . . . . .<\/p>\n<p>&nbsp;<\/p>\n<p><strong>Ausstellungen \/\/ Video \/\/ Installationen<\/strong>21. Mai bis 5. Juni 2016<\/p>\n<p><strong>Katharina Beilstein<\/strong><\/p>\n<p>Der Betrachter fragt sich: Was ist dieses Ding?<br \/>\nIm kontinuierlichen Ausgehen von ein und demselben Objekt erscheinen die Grenzen zwischen bildhauerischer Fragestellung und Funktionswert flie\u00dfend \u2013 die Prinzipien der Formfindung nehmen hier Strategien der Modewelt auf, und andersherum.<br \/>\n<a title=\"www.2016.newtalents-cologne.de\/talente\/kunst\/katharina-beilstein\/\" href=\"http:\/\/www.2016.newtalents-cologne.de\/talente\/kunst\/katharina-beilstein\/\" target=\"_blank\">[mehr dazu]<\/a><\/p>\n<p>&nbsp;<\/p>\n<p>. . . . . . . . . . . . . . . . . . . . . . . . . . . . . . . . . . . . . . . . . . . . . . . . . . . . . . . . . . . . . . . . . .<\/p>\n<p>&nbsp;<\/p>\n<p><strong>Vera Drebusch<\/strong><\/p>\n<p>Behutsam und in kleinen Ausschnitten aus ihrer eigenen Geschichte gibt Vera Drebusch unmittelbaren Zugang zu gesellschaftlicher Brisanz.<br \/>\nIn medialer Bildsprache findet sie zu wertfreier Klarheit \u00fcber Beziehungen und Erinnerungen.<br \/>\n<a title=\"www.2016.newtalents-cologne.de\/talente\/kunst\/vera-drebusch\/\" href=\"http:\/\/www.2016.newtalents-cologne.de\/talente\/kunst\/vera-drebusch\/\" target=\"_blank\">[mehr dazu]<\/a><\/p>\n<p>&nbsp;<\/p>\n<p>. . . . . . . . . . . . . . . . . . . . . . . . . . . . . . . . . . . . . . . . . . . . . . . . . . . . . . . . . . . . . . . . . .<\/p>\n<p>&nbsp;<\/p>\n<p><strong>Claudia Mann<\/strong><\/p>\n<p>Claudia Mann folgt dem Prinzip der Abformung mit der Fragestellung \u201eWo beginnt Skulptur und wo l\u00f6st sie sich auf?\u201c. Dabei setzt sie ihre Plastiken oftmals in Unerreichbarkeit und provoziert eine ungew\u00f6hnliche Perspektive auf Skulptur.<br \/>\n<a title=\"www.2016.newtalents-cologne.de\/talente\/kunst\/claudia-mann\/\" href=\"http:\/\/www.2016.newtalents-cologne.de\/talente\/kunst\/claudia-mann\/\" target=\"_blank\">[mehr dazu]<\/a><\/p>\n<p>&nbsp;<\/p>\n<p>. . . . . . . . . . . . . . . . . . . . . . . . . . . . . . . . . . . . . . . . . . . . . . . . . . . . . . . . . . . . . . . . . .<\/p>\n<p>&nbsp;<\/p>\n<p><strong>Roman Kochanski<\/strong><\/p>\n<p>\u00bbWie bei einer Matrize scheinen an einigen Stellen Farbschichten wie H\u00e4ute wieder von der Oberfl\u00e4che abgezogen und legen die zugedeckte Welt partiell frei.\u00ab <em>(Roman Kochanski)<\/em><br \/>\n<a title=\"www.2016.newtalents-cologne.de\/talente\/kunst\/roman-kochanski\/\" href=\"http:\/\/www.2016.newtalents-cologne.de\/talente\/kunst\/roman-kochanski\/\" target=\"_blank\">[mehr dazu]<\/a><\/p>\n<p>&nbsp;<\/p>\n<p>. . . . . . . . . . . . . . . . . . . . . . . . . . . . . . . . . . . . . . . . . . . . . . . . . . . . . . . . . . . . . . . . . .<\/p>\n<p>&nbsp;<\/p>\n","protected":false},"excerpt":{"rendered":"<p>new talents \u2013 biennale cologne 2016 21. Mai bis 5. Juni 2016 &nbsp; Im Mai\/Juni 2016 ist die Kunst-Station Sankt Peter K\u00f6ln bereits zum vierten Mal Gastgeber der \u00bbnew talents \u2013 biennale cologne\u00ab. Vertreten sind vier junge K\u00fcnstlerinnen und K\u00fcnstler, die sich mit ihren Arbeiten im Kirchenraum, auf der Empore sowie im Kirchhof und im [&hellip;]<\/p>\n","protected":false},"author":7,"featured_media":7876,"parent":3854,"menu_order":87,"comment_status":"open","ping_status":"closed","template":"","meta":[],"_links":{"self":[{"href":"https:\/\/www.sankt-peter-koeln.de\/wp\/wp-json\/wp\/v2\/pages\/7872"}],"collection":[{"href":"https:\/\/www.sankt-peter-koeln.de\/wp\/wp-json\/wp\/v2\/pages"}],"about":[{"href":"https:\/\/www.sankt-peter-koeln.de\/wp\/wp-json\/wp\/v2\/types\/page"}],"author":[{"embeddable":true,"href":"https:\/\/www.sankt-peter-koeln.de\/wp\/wp-json\/wp\/v2\/users\/7"}],"replies":[{"embeddable":true,"href":"https:\/\/www.sankt-peter-koeln.de\/wp\/wp-json\/wp\/v2\/comments?post=7872"}],"version-history":[{"count":3,"href":"https:\/\/www.sankt-peter-koeln.de\/wp\/wp-json\/wp\/v2\/pages\/7872\/revisions"}],"predecessor-version":[{"id":7877,"href":"https:\/\/www.sankt-peter-koeln.de\/wp\/wp-json\/wp\/v2\/pages\/7872\/revisions\/7877"}],"up":[{"embeddable":true,"href":"https:\/\/www.sankt-peter-koeln.de\/wp\/wp-json\/wp\/v2\/pages\/3854"}],"wp:featuredmedia":[{"embeddable":true,"href":"https:\/\/www.sankt-peter-koeln.de\/wp\/wp-json\/wp\/v2\/media\/7876"}],"wp:attachment":[{"href":"https:\/\/www.sankt-peter-koeln.de\/wp\/wp-json\/wp\/v2\/media?parent=7872"}],"curies":[{"name":"wp","href":"https:\/\/api.w.org\/{rel}","templated":true}]}}

<p><strong>new talents – biennale cologne 2016</strong> 21. Mai bis 5. Juni 2016</p>
<p>&nbsp;</p>
<p>Im Mai/Juni 2016 ist die Kunst-Station Sankt Peter Köln bereits zum vierten Mal Gastgeber der »new talents – biennale cologne«. Vertreten sind vier junge Künstlerinnen und Künstler, die sich mit ihren Arbeiten im Kirchenraum, auf der Empore sowie im Kirchhof und im Cäcilienhof vorstellen. Darüber hinaus werden hier auch fünf der zehn erteilten Kompositionsaufträge uraufgeführt.<br />
<a title="www.2016.newtalents-cologne.de" href="http://www.2016.newtalents-cologne.de/" target="_blank">www.2016.newtalents-cologne.de</a></p>
<p>&nbsp;<br />
. . . . . . . . . . . . . . . . . . . . . . . . . . . . . . . . . . . . . . . . . . . . . . . . . . . . . . . . . . . . . . . . . .</p>
<p>&nbsp;</p>
<p><strong>Kompositionsaufträge // Uraufführungen II</strong> Sonntag, 22.5.2016 // 15 Uhr<br />
<strong>Mit Kompositionen von</strong> Elena Rykova, Georgia Koumara, Thierry Tidrow, Barblina Maierhans, Julio Zúniga</p>
<p><strong>Aufführendes Ensemble </strong>hand werk<br />
<a title="www.2016.newtalents-cologne.de/talente/komposition/" href="http://www.2016.newtalents-cologne.de/talente/komposition/" target="_blank">[mehr dazu]</a></p>
<p>&nbsp;<br />
. . . . . . . . . . . . . . . . . . . . . . . . . . . . . . . . . . . . . . . . . . . . . . . . . . . . . . . . . . . . . . . . . .</p>
<p>&nbsp;</p>
<p><strong>Ausstellungen // Video // Installationen</strong>21. Mai bis 5. Juni 2016</p>
<p><strong>Katharina Beilstein</strong></p>
<p>Der Betrachter fragt sich: Was ist dieses Ding?<br />
Im kontinuierlichen Ausgehen von ein und demselben Objekt erscheinen die Grenzen zwischen bildhauerischer Fragestellung und Funktionswert fließend – die Prinzipien der Formfindung nehmen hier Strategien der Modewelt auf, und andersherum.<br />
<a title="www.2016.newtalents-cologne.de/talente/kunst/katharina-beilstein/" href="http://www.2016.newtalents-cologne.de/talente/kunst/katharina-beilstein/" target="_blank">[mehr dazu]</a></p>
<p>&nbsp;</p>
<p>. . . . . . . . . . . . . . . . . . . . . . . . . . . . . . . . . . . . . . . . . . . . . . . . . . . . . . . . . . . . . . . . . .</p>
<p>&nbsp;</p>
<p><strong>Vera Drebusch</strong></p>
<p>Behutsam und in kleinen Ausschnitten aus ihrer eigenen Geschichte gibt Vera Drebusch unmittelbaren Zugang zu gesellschaftlicher Brisanz.<br />
In medialer Bildsprache findet sie zu wertfreier Klarheit über Beziehungen und Erinnerungen.<br />
<a title="www.2016.newtalents-cologne.de/talente/kunst/vera-drebusch/" href="http://www.2016.newtalents-cologne.de/talente/kunst/vera-drebusch/" target="_blank">[mehr dazu]</a></p>
<p>&nbsp;</p>
<p>. . . . . . . . . . . . . . . . . . . . . . . . . . . . . . . . . . . . . . . . . . . . . . . . . . . . . . . . . . . . . . . . . .</p>
<p>&nbsp;</p>
<p><strong>Claudia Mann</strong></p>
<p>Claudia Mann folgt dem Prinzip der Abformung mit der Fragestellung „Wo beginnt Skulptur und wo löst sie sich auf?“. Dabei setzt sie ihre Plastiken oftmals in Unerreichbarkeit und provoziert eine ungewöhnliche Perspektive auf Skulptur.<br />
<a title="www.2016.newtalents-cologne.de/talente/kunst/claudia-mann/" href="http://www.2016.newtalents-cologne.de/talente/kunst/claudia-mann/" target="_blank">[mehr dazu]</a></p>
<p>&nbsp;</p>
<p>. . . . . . . . . . . . . . . . . . . . . . . . . . . . . . . . . . . . . . . . . . . . . . . . . . . . . . . . . . . . . . . . . .</p>
<p>&nbsp;</p>
<p><strong>Roman Kochanski</strong></p>
<p>»Wie bei einer Matrize scheinen an einigen Stellen Farbschichten wie Häute wieder von der Oberfläche abgezogen und legen die zugedeckte Welt partiell frei.« <em>(Roman Kochanski)</em><br />
<a title="www.2016.newtalents-cologne.de/talente/kunst/roman-kochanski/" href="http://www.2016.newtalents-cologne.de/talente/kunst/roman-kochanski/" target="_blank">[mehr dazu]</a></p>
<p>&nbsp;</p>
<p>. . . . . . . . . . . . . . . . . . . . . . . . . . . . . . . . . . . . . . . . . . . . . . . . . . . . . . . . . . . . . . . . . .</p>
<p>&nbsp;</p>

<p>new talents – biennale cologne 2016 21. Mai bis 5. Juni 2016 &nbsp; Im Mai/Juni 2016 ist die Kunst-Station Sankt Peter Köln bereits zum vierten Mal Gastgeber der »new talents – biennale cologne«. Vertreten sind vier junge Künstlerinnen und Künstler, die sich mit ihren Arbeiten im Kirchenraum, auf der Empore sowie im Kirchhof und im [&hellip;]</p>
